 and 38?
19
Suppose 10*l + 4*a - 172 = 9*l, 5*l - 775 = -3*a. What is the greatest common divisor of l and 19?
19
Let v(z) = 37*z - 2. Let f be v(-1). Let a = 70 + f. Let i = a + -23. What is the greatest common divisor of i and 56?
8
Suppose -3*d = -4*a + 2181, d - 273 = -a + 274. Suppose 2*l = 5*w - a, l + 3*l - 528 = -5*w. Calculate the greatest common factor of w and 12.
12
Let d(x) = -x + 68. Let c be d(-17). Calculate the greatest common divisor of c and 20.
5
Let o(f) = -f**3 + 12*f**2 + 45*f + 5. Let q be o(15). Suppose q*z + 2*n = 765, 0*z = -2*z - 2*n + 300. What is the highest common factor of 31 and z?
31
Let c(x) = -12 - 7*x - 12*x + 11*x. Let u be c(-5). Calculate the greatest common divisor of u and 70.
14
Let a = -59 + 48. Let g = 24 + a. What is the highest common divisor of g and 117?
13
Let f(k) = k**3 - 14*k**2 - 9*k - 49. Let t(q) = q**3 + 10*q**2 - 3*q - 15. Let v be t(-10). Let o be f(v). Calculate the highest common divisor of o and 123.
41
Suppose -19*d + 15*d = -1000. Suppose -194*v = -199*v + d. Calculate the highest common factor of 2 and v.
2
Let o = -526 - -538. Calculate the greatest common factor of o and 402.
6
Suppose t + 15 = 2*t. Let z be (33/55)/(2/350). What is the highest common factor of t and z?
15
Let l = 247 + -235. What is the greatest common factor of l and 9?
3
Let x be 204/10 + 2/(-5). Let l be (-180)/(-22) + (-64)/352. Calculate the greatest common divisor of l and x.
4
Suppose 5*r + 39 = -n + 4*n, 5*r = -4*n - 53. Let s = 6 - r. Let x = s - 14. Calculate the greatest common factor of x and 2.
1
Let m(h) = 8*h**2 - 2*h - 1. Let c be m(-1). Suppose 4*l = l + 3. Let d be (1 + 8/l)/1. What is the greatest common factor of d and c?
9
Let y(k) = -k**2 - 5*k + 14. Let h be y(-7). Let r be (-6)/(-4)*(h + 18). Let n be ((-18)/8)/((-2)/8). What is the highest common factor of r and n?
9
Let b = 33 - 28. Suppose -w + 39 = b*n, 0*n - 4*n = 4*w - 156. Calculate the greatest common divisor of w and 39.
39
Let l(h) = -h**2 - 34*h + 186. Let v be l(-37). What is the greatest common divisor of 285 and v?
15
Suppose 3*l - 179 = -5*b, -b = -2*l + 37 + 91. Suppose q - 39 = -4*p - 2*q, 3*p = -5*q + 32. Calculate the greatest common divisor of p and l.
9
Suppose -246 + 738 = 3*x. Calculate the highest common factor of x and 20.
4
Let p = 48 - 68. Let o be 2/(p/15 - -2). Suppose -k = -5*j - 32, 2*k - o*k - 4*j = 4. What is the highest common factor of k and 12?
12
Let m(z) = -z**3 - 27*z**2 + 27*z - 25. Let h be m(-28). Suppose 3*l = -h*t + 18, 4*t - 4*l = t + 32. Calculate the highest common factor of 88 and t.
8
Let c = -50 + 12. Let j = 43 + c. What is the highest common factor of j and 40?
5
Let i = -13 - -20. Let v(h) = -84*h + 4. Let q be v(-14). Let p be 1/(-6) + q/24. Calculate the greatest common divisor of i and p.
7
Let m(x) = 3*x - 22. Let h be m(6). Let r be -1 - 0 - 35*(-6 - h). What is the highest common factor of 46 and r?
23
Suppose 94 - 100 = -3*o. Suppose -o*c + 18 = -18. What is the highest common divisor of c and 162?
18
Let t(a) = 14*a**2 + 16*a - 6. Let m be t(-4). What is the greatest common factor of 506 and m?
22
Let j(s) = -11*s**2 - 241*s - 122. Let c be j(-21). Let b = 3 + -2. Let m(p) = 9*p - 1. Let t be m(b). What is the greatest common factor of c and t?
8
Let n = -63 - -5. Let s = 26 + -14. Let x = s - n. Calculate the greatest common factor of 14 and x.
14
Suppose 217 = -4*x + 525. Calculate the highest common divisor of 33 and x.
11
Suppose j - 16 = -3*j. Suppose 3*i - 35 = -j*q, 5*i - 3*q - 52 = -13. Calculate the greatest common factor of i and 3.
3
Suppose 25*l - 30*l + 825 = 0. Calculate the greatest common factor of 99 and l.
33
Suppose -r - 4*u + 5 - 17 = 0, -15 = -4*r + 5*u. Let a be (r - 4)/4 + 3. Let o be -1 + a - 0 - -29. What is the greatest common divisor of 10 and o?
10
Let v = -1250 + 2210. What is the greatest common divisor of 5 and v?
5
Let v = 505 + 71. Calculate the highest common factor of v and 48.
48
Suppose 3*m - 136 = 71. Let b = m + -64. Suppose i - 6 = 2*v, -5*i + 20 = -2*v - 26. Calculate the highest common divisor of i and b.
5
Suppose 2*l = 8*l - 12. Suppose -4*n - 20 = 0, l*n - 105 = -4*u + 7*n. Calculate the highest common factor of u and 80.
20
Let d(n) = -n**3 + 4*n**2 + 7*n + 6. Let b be d(-3). Let x = 12 + -4. Let w be ((-4)/1)/((-2)/x). What is the highest common factor of w and b?
16
Suppose 43 = -5*b - 32. Let n be (-9)/(-12)*(-3 - b). Let p = n - -11. Calculate the greatest common divisor of 160 and p.
20
Suppose 5*h + s = 80, 79*s + 16 = h + 84*s. Calculate the highest common factor of 26 and h.
2
Suppose -68 = -3*m - a, 4*m - 4*a - 84 = -2*a. Suppose 12*r - 8 = -5 + 21. Calculate the highest common divisor of m and r.
2
Suppose 84*n - 8806 = 70*n. Calculate the greatest common divisor of 34 and n.
17
Let p(i) = 2*i**3 - 2*i. Let l be p(5). Suppose 3*f = -5*f + l. Calculate the greatest common factor of 210 and f.
30
Let l(h) = h**3 - 3*h**2 - 5*h + 2. Let j be l(6). Let n = 58 + -42. What is the highest common divisor of j and n?
16
Suppose 4*y = 13*y + 9. Let z be -42*y/(-1 - -2). What is the greatest common factor of z and 126?
42
Suppose 0 = -2*d - d + 144. What is the highest common divisor of 2 and d?
2
Let p(t) = -t**3 + 6*t**2. Let o be p(6). Let k = 209 - -8. Suppose 0 = -4*m - y + 215, 4*m + o*y = y + k. What is the highest common factor of m and 6?
6
Let t = -659 + 665. What is the greatest common divisor of 9 and t?
3
Let x(o) = -o**2 + 13*o + 3. Suppose 11*v - 16*v + 30 = 0. Let p be x(v). What is the greatest common factor of p and 15?
15
Let i = 356 - 353. What is the greatest common factor of 24 and i?
3
Let f(p) = 6*p**2 - 66*p - 11. Let s be f(13). What is the highest common factor of 45 and s?
5
Suppose 14*i + 1 = 15*i. Suppose -157 = -3*t - i. Suppose -2 = -s, -3*m = -0*m - s - t. Calculate the highest common factor of 45 and m.
9
Suppose -5*z - m = -z + 72, -16 = 4*m. Let k = z + 24. Let g(h) = h**2 - 5*h - 7. Let c be g(12). Calculate the highest common divisor of k and c.
7
Let w(x) = 6*x - 3. Let z be w(-1). Let c be (-8)/5*(z + -11). What is the greatest common divisor of c and 4?
4
Let a(l) = -l**3 - l**2 + 165. Let i be a(0). Let q = -30 + 39. Let c(m) = m + 6. Let n be c(q). What is the highest common divisor of n and i?
15
Let p = 20 - 18. Suppose 4*r = 18 + p, 0 = 3*y - r - 10. Suppose 0 = -x - 2*x - 9, -2*a = -y*x - 79. Calculate the greatest common factor of a and 224.
32
Suppose 392 = w + 3*o, -2*w = -38*o + 37*o - 784. What is the highest common factor of 147 and w?
49
Let r be (-3 - -345 - 3) + -6. Calculate the highest common divisor of 37 and r.
37
Suppose 5*u - 3090 = 5*t, 4*u + 3*t + 704 = 3162. Calculate the greatest common divisor of u and 16.
8
Let r be (1 - 5) + 5 + (4 - 2). Suppose -b = -2*c + 6*c - 65, -r*b = 3*c - 222. Calculate the highest common factor of b and 22.
11
Suppose 5*p - 10*p - 100 = 0. Let r(b) = -b**2 - 22*b - 19. Let m be r(p). What is the highest common divisor of 14 and m?
7
Let p = -370 + 375. Let y be (65/(-39))/((-1)/27). What is the highest common factor of y and p?
5
Let z(l) = 36*l**2 - 2. Let n be z(-2). Calculate the highest common factor of 213 and n.
71
Let o = -267 - -283. Calculate the highest common divisor of o and 60.
4
Suppose 0 = b + t - 327, -3*b - 3*t + 979 = -t. Calculate the highest common divisor of 39 and b.
13
Let r(f) = f**3 - 5*f**2 - f + 14. Let k be r(7). Let d be (0 - 40)*7/(-4). Calculate the greatest common factor of d and k.
35
Let g = 17 + -3. Let j = 24 - 14. Let r be (j/15)/((-2)/(-336)). What is the highest common divisor of r and g?
14
Suppose 3*r = -z + 5*r + 29, -4*z + 64 = 5*r. Let o = 4 - 22. Let k be ((-42)/4)/(o/24). Calculate the greatest common factor of z and k.
7
Suppose 0 = -5*u - 117 + 162. What is the greatest common divisor of 36 and u?
9
Suppose 4*c + z - 16 = 0, -3 + 23 = -5*z. Let j be c - (-9 + (4 - 4)). Calculate the highest common factor of 2 and j.
2
Suppose -386 = -3*w - 2*s, 4*w - s = w + 392. Let u = w - 125. Calculate the greatest common factor of 50 and u.
5
Let d = -9 - -13. Let g be 138*4*d/32. Let s = g - 45. Calculate the highest common factor of 24 and s.
24
Let u(d) = d**3 - d**2 + 4*d. Let i be u(3). Suppose